greatest common divisor of y and 21?
7
Let w be (-4)/3*(-6)/(-1). Let z(a) = -1. Let m(r) = r - 2. Let d(q) = -m(q) + 2*z(q). Let x be d(w). What is the greatest common factor of 8 and x?
8
Let r = 266 - 186. What is the highest common factor of 32 and r?
16
Let y(a) = a**3 - a**2 + 5*a - 3. Let i be y(2). What is the highest common divisor of i and 88?
11
Let i = -65 - -75. Calculate the greatest common factor of i and 10.
10
Suppose -2*z + 15 = 3*z. Let a(r) = 3*r**3 - 3*r**2 - 4*r + 3. Let h be a(z). What is the highest common divisor of 9 and h?
9
Let j be (-8)/(0 - 1) - 2. Suppose 3*d - 8*d = -180. What is the greatest common divisor of d and j?
6
Let h(p) = p**3 + 3*p**2 - 5*p - 4. Let t be h(-4). Suppose b + b - 154 = t. Calculate the greatest common divisor of b and 7.
7
Let t(i) = -i**3 + 5*i**2 + 7*i - 7. Let h be t(6). Let w be (1*h)/((-2)/308). Calculate the greatest common factor of w and 14.
14
Let q = 23 - 12. Let a = 5 + -3. Let x be 112/a - (3 - 2). Calculate the highest common factor of x and q.
11
Let w(q) = -9*q**2 - 3*q**3 + 2*q**3 + 13 - 9*q - 2*q. Let o be w(-9). Let x(z) = 16*z**2. Let s be x(-1). What is the highest common divisor of o and s?
16
Let q be (-1 - 0) + (0 - -2). Let r be q + 17 + (-2)/1. Let j = -413 - -417. Calculate the greatest common factor of j and r.
4
Let x(b) = -b**2 - 2*b + 10. Let l be x(0). Calculate the highest common factor of 10 and l.
10
Suppose 0 = 18*k - 16*k - 144. What is the greatest common factor of k and 9?
9
Let r be (-262)/(-8) - 5/(-20). Let w = r - 17. Calculate the highest common divisor of w and 8.
8
Suppose 0 = 3*l - 5*j - 35, -l - 3*j + 2 = 9. Let c = l - 2. What is the highest common divisor of c and 3?
3
Suppose 4*f - 4 = 12. Suppose 2*p + 315 = 5*l - 3*p, 0 = -5*l + f*p + 316. Suppose 5*z = z + l. What is the greatest common divisor of z and 48?
16
Let n(h) = -23*h + 2. Let o be n(-2). Suppose -v - 2*r + 25 + 4 = 0, 0 = -2*v - r + 67. Let z = -29 + v. What is the highest common factor of o and z?
6
Suppose -2*f - p + 46 = 0, 0 = -2*f - 2*f + p + 104. Suppose -3*q = -5*q + 20. Calculate the highest common divisor of q and f.
5
Let f be (-6)/(-8) + (-2109)/(-4). Suppose g + f = 2*g - c, -c = 0. Suppose g = 3*m + m. Calculate the highest common factor of m and 12.
12
Suppose -5*w + 13 = 2*y, 2*y + y = -4*w + 16. Suppose -8 - y = -4*t, 2*i + t = 9. What is the greatest common factor of i and 6?
3
Let s(a) = a**3 - 5*a**2 + 5*a - 5. Let l be s(4). Let k be -3 - -6 - (l + -104). Calculate the greatest common divisor of k and 12.
12
Suppose 0 = 4*z - 5*n + 1, n + 20 = 5*z - n. What is the greatest common divisor of z and 54?
6
Suppose i + 30 = 4*i. Let t(h) = -h - 5. Let k(j) = -j. Let m(w) = 2*k(w) - t(w). Let a be m(0). What is the greatest common divisor of a and i?
5
Let j(a) = 5*a - 3. Let q be j(8). Suppose -62 = -2*n - 4*l, n - 3*l - l = q. Let x be 0 - (23/(-1) - -1). Calculate the highest common divisor of n and x.
11
Let d = -49 - -105. What is the highest common divisor of d and 28?
28
Suppose 2*b + 176 = 3*w + 7*b, -4*b = -5*w + 244. What is the highest common factor of w and 26?
26
Let a(k) = -3*k - 5. Suppose -2*h - 6 = -h. Let i be a(h). Let q = -89 - -167. What is the greatest common factor of q and i?
13
Suppose 5*u - 1 - 9 = 0. Suppose -3*g - 1 - 3 = 4*v, 0 = -g - u*v - 4. Calculate the highest common factor of 44 and g.
4
Suppose -2*j = 3*g + 2*g - 136, -3*j - 4*g + 218 = 0. What is the greatest common divisor of 52 and j?
26
Let w be 6*-3*(-3)/(-6). Let c(i) = -i**3 - 8*i**2 + 9*i + 2. Let n be c(w). Suppose -3*o + 2*o + 2 = 0. What is the greatest common factor of o and n?
2
Let s = 63 + -39. Suppose -5*y + 45 = 5*a, 4*a + 4 = y - 0*a. Calculate the greatest common divisor of y and s.
8
Let o(s) be the first derivative of -13*s**2/2 - 3*s + 4. Let g be o(-2). What is the highest common factor of g and 23?
23
Suppose b - 131 = -33. What is the greatest common divisor of 14 and b?
14
Suppose 2*a = -117 + 217. Calculate the highest common factor of 125 and a.
25
Let u(b) = 3*b**2 - 6*b - 4. Let f be u(-6). Calculate the greatest common factor of 56 and f.
28
Let x = -2 - 9. Let y = -8 - x. Calculate the greatest common divisor of 21 and y.
3
Suppose -13 = -k + u, k - 5*u + 79 = 4*k. Let q = -14 + k. Calculate the highest common divisor of q and 1.
1
Suppose 0 = 2*i - 0*i - 6. Suppose 3*u + 5*x + 427 = 2*u, -i*u + 2*x = 1230. Let l = u - -592. Calculate the greatest common divisor of l and 20.
20
Suppose 0 = 3*c + 5*q - 21 - 14, 3*c - 49 = 2*q. Let k = -135 - -210. What is the greatest common factor of k and c?
15
Let u(z) = -19*z - 5. Let n be (-4)/(-18) + (-94)/18. Let l be u(n). Calculate the greatest common divisor of 18 and l.
18
Let m(b) = b + 4. Let p be m(0). Let q be (-128)/(-12)*6/p. Let d = 47 - 23. What is the greatest common factor of q and d?
8
Let d = 19 - 11. What is the highest common factor of 88 and d?
8
Let n = 11 - 4. Let b be (-2)/5 + (-3)/5. Let l be 31 + (b - 0) - 2. Calculate the highest common factor of l and n.
7
Let m(r) = 5*r**2 + r + 2. Suppose 5*l - 12 = -q, 2*q + 2*l = -0*l. Let o be m(q). What is the greatest common factor of 22 and o?
22
Let a(o) = o + 10. Let n(x) = -7*x**2 + 1. Let c be n(-1). Let d be a(c). Let z = 5 - d. What is the highest common factor of 9 and z?
1
Let c be 8/6*6/4. Suppose -x - 10 = -c*x. Let y = 6 + 74. What is the highest common divisor of y and x?
10
Let z = -2 - -23. Suppose -2*a = -a - 2. Suppose -d = -3*x - 20, -a*x = -0*x + 4. What is the highest common divisor of z and d?
7
Let x(d) = 6*d**2 - 1. Let k be x(-1). What is the greatest common divisor of 165 and k?
5
Let i be 1 + (10 - (0 + -4)). Calculate the highest common divisor of 30 and i.
15
Suppose -6*s + 437 = 131. Let p = 49 + -15. What is the highest common divisor of p and s?
17
Let d(o) = 14*o**3 + 2*o**2 - 1. Let h be d(1). Let w = -163 - 43. Let i be w/(-14) + 4/14. What is the highest common factor of i and h?
15
Let v be 3/6 - 1/2 - -8. Calculate the highest common divisor of v and 12.
4
Let f(w) = w**3 - 6*w**2. Let l be f(6). Suppose l = 5*v - 9*v + 16. Calculate the greatest common factor of v and 4.
4
Suppose 58 - 22 = 9*k. What is the highest common factor of k and 8?
4
Suppose 0 = 2*j + n + 4*n - 65, 0 = 3*j + n - 104. What is the greatest common factor of 140 and j?
35
Let f(i) = -i**2 + 7*i - 5. Let z = 6 + 0. Let h be f(z). Suppose 2*u - u = 4. Calculate the highest common divisor of h and u.
1
Let g(z) = 8*z**2 - 5*z + 4. Let j be g(1). Suppose -t + 66 = -5*b, 0*t - 5*t + 276 = 2*b. Calculate the highest common divisor of j and t.
7
Suppose 4 = -4*y + n, 0 = -y - 0*n + 5*n - 20. Let s be (6 + y + 0)/2. Calculate the highest common factor of s and 2.
1
Suppose -4*m = j - 27, -5*j - 3*m + m + 117 = 0. Calculate the greatest common divisor of 207 and j.
23
Let s(r) be the second derivative of 2*r - 5/3*r**3 + 0 + 0*r**2. Let x be s(-6). Calculate the greatest common divisor of 10 and x.
10
Let n(j) = 2*j - 16. Let y be n(7). Let c be 5 + y + 1 + -3. Calculate the highest common divisor of c and 4.
1
Let i be (6/5)/((-618)/(-120) - 5). What is the highest common factor of 56 and i?
8
Let m(j) = 3*j - 1. Let c be m(3). Let z be 4/(-10) - 68/(-20). Suppose z*k - k - 16 = 0. What is the highest common divisor of c and k?
8
Let l(s) = -5*s - 1. Let g be l(-1). Suppose 2*v - m - 154 = m, -2*m - 308 = -g*v. What is the greatest common factor of v and 7?
7
Let q(l) be the second derivative of -45*l**3/2 - 4*l. Let o be q(-1). Suppose -4*n - n = -75. What is the highest common divisor of n and o?
15
Let h = -12 - -6. Let n be (-1)/(-3)*h/(-2). Calculate the highest common divisor of n and 1.
1
Let i be (-1)/(-2) - 27/(-6). Let m = i - 5. Suppose m*s - 88 = -4*s. What is the greatest common factor of 2 and s?
2
Suppose 324 = 21*r - 18*r. Calculate the highest common divisor of 72 and r.
36
Suppose -v = 6 + 4. Let p be v*(2/4 + -1). What is the greatest common divisor of 20 and p?
5
Let g be 3/(-12) + (-2)/(-8). Let b be 2 + 3 + -3 + g. Calculate the highest common factor of 1 and b.
1
Let l = -45 - -69. Calculate the highest common factor of 60 and l.
12
Let w(v) = 2*v**2 - 4*v + 27. Let f be w(10). Let s = -42 + 59. What is the high